mine w(-20).
6
Let m(c) = -2*c**2 + 18*c - 5. Calculate m(8).
11
Let q(i) = -i**2 + 8*i - 4. What is q(6)?
8
Let w(q) = -q**2 - 5*q - 10. Calculate w(-4).
-6
Let g(h) = h**3 + 2*h**2 + 2*h + 6. What is g(0)?
6
Let b(p) = -25*p**2 - 1. Determine b(-1).
-26
Let u(b) = 3*b - 4. Give u(8).
20
Let o(m) = -13*m**2 - m - 1. What is o(1)?
-15
Let d(z) = 7*z + 6. What is d(-4)?
-22
Let x(d) = -d**3 - 14*d**2 - 13*d - 30. Calculate x(-13).
-30
Let x(g) = -6*g - 77. Calculate x(-14).
7
Let q(l) = -l + 5. Determine q(-13).
18
Let p(z) = 8*z**2 + 3*z + 3. Give p(-1).
8
Let r(f) = 5*f - 77. Calculate r(15).
-2
Let p(s) = -s**2 - 7*s - 4. Calculate p(-8).
-12
Let o(h) = -h**2 + 7*h + 1. What is o(8)?
-7
Let r(p) = 4*p**2 + 2*p - 6. Give r(4).
66
Let h(p) = p - 84. Determine h(0).
-84
Let v(j) = 3*j + 14. Determine v(-2).
8
Let h(u) = 8*u + 61. Give h(-9).
-11
Let q(u) = 2*u**2 - 12*u + 27. Give q(3).
9
Let r(t) = -3*t + 2. Give r(6).
-16
Let t(z) = z**3 - 6*z**2 + 5*z + 6. Determine t(4).
-6
Let n(f) = 8*f + 1. What is n(1)?
9
Let s(p) = -p**2 - 10*p + 1. Calculate s(-8).
17
Let g(i) = -4*i**2 - 3*i - 1. Calculate g(0).
-1
Let d(i) = -i**3 + 22*i**2 + 12. Determine d(22).
12
Let u(i) = -19*i - 7. Calculate u(4).
-83
Let a(d) = -d + 4. Give a(0).
4
Let z(i) = i**3 - 8*i**2 + i + 4. What is z(8)?
12
Let l(g) = 10*g - 17. Give l(1).
-7
Let i(x) = -2*x - 207. Calculate i(0).
-207
Let y(q) = -q**3 - 32*q**2 - 257*q - 12. Calculate y(-16).
4
Let l(k) = 2*k + 3. Give l(7).
17
Let p(n) = n**3 - 7*n**2 + n - 62. What is p(8)?
10
Let s(x) = 11*x + 54. What is s(-4)?
10
Let k(d) = d**2 + 4*d - 5. What is k(-5)?
0
Let n(l) = -l**2 - l. Give n(3).
-12
Let a(l) = -l**2 + 5*l + 11. Calculate a(5).
11
Let c(x) = -x**3 - 6*x**2 + 11*x - 19. Calculate c(-7).
-47
Let j(v) = -v**2 + 30*v + 7. Give j(30).
7
Let z(c) = c**3 + 10*c**2 + c + 3. Give z(-10).
-7
Let r(q) = -q**3 - 6*q**2 - 13*q - 74. Determine r(-6).
4
Let s(a) = -a**2 - 7*a - 6. Determine s(-4).
6
Let o(m) = m**2 - 8*m + 8. Determine o(7).
1
Let x(y) = y**3 - 4*y**2 - 3*y. Determine x(5).
10
Let v(u) = -2*u**3 + 3*u**2 + 6*u - 5. Calculate v(4).
-61
Let b(k) = -3*k - 7. Determine b(8).
-31
Let b(l) = -l**3 + l**2 + l + 10. What is b(3)?
-5
Let a(z) = -z**3 - z**2 + 2*z + 7. Give a(-2).
7
Let o(v) = 2*v - 48. Calculate o(14).
-20
Let k(q) = -20*q - 32. Calculate k(-3).
28
Let r(n) = 3*n + 2. What is r(-8)?
-22
Let n(k) = -15*k**2 - 44*k + 4. Determine n(-3).
1
Let s(a) = -5*a - 8. Give s(-11).
47
Let m(r) = -4*r**2 + 22*r - 9. What is m(6)?
-21
Let c(a) = a**2 + 14*a + 11. Calculate c(-15).
26
Let u(f) = -f**2 + 41*f + 285. What is u(-6)?
3
Let z(h) = h**3 + 3*h**2 + 5. Give z(-4).
-11
Let b(d) = 3*d - 16. Give b(5).
-1
Let x(z) = -2*z - 29. Determine x(-15).
1
Let j(x) = -x - 8. Give j(14).
-22
Let l(j) = -4*j - 11. Determine l(-3).
1
Let g(f) = 26*f + 30. Determine g(-5).
-100
Let c(q) = -14*q - 1. Calculate c(-6).
83
Let v(d) = d**3 - 9*d**2 + 7*d + 13. Calculate v(8).
5
Let o(x) = 5*x**3 - 86*x**2 + 18*x - 1. Calculate o(17).
16
Let y(t) = -t**3 + 6*t**2 - 6. Calculate y(6).
-6
Let x(t) = -6*t + 43. Determine x(7).
1
Let s(t) = -t**3 - 6*t**2 - 8*t - 4. Calculate s(-5).
11
Let v(n) = n**3 + 7*n**2 - 9*n - 2. Calculate v(-7).
61
Let m(n) = n**2 - 11*n - 126. What is m(16)?
-46
Let d(j) = j - 20. What is d(6)?
-14
Let t(u) = -u**2 - u - 11. What is t(-4)?
-23
Let z(t) = -t**3 - 5*t**2 + 2*t - 3. What is z(-6)?
21
Let c(q) = -q**2 - 3*q + 14. Give c(-6).
-4
Let z(s) = -3*s + 1. Give z(-1).
4
Let k(o) = -o**3 + 3*o**2 - 7*o + 16. Give k(3).
-5
Let y(c) = -9*c + 21. What is y(11)?
-78
Let f(k) = 12*k**2 - 11*k + 3. Calculate f(1).
4
Let h(i) = i**3 - 3*i**2 - 18*i + 6. Determine h(6).
6
Let y(r) = 2*r**3 + 56*r**2 + 52*r - 44. Calculate y(-27).
10
Let y(a) = -7*a**2 - a + 2. What is y(1)?
-6
Let w(h) = 2*h**3 - 13*h**2 - 11*h + 104. Determine w(6).
2
Let n(s) = -3*s**2 - 4*s + 11. Determine n(3).
-28
Let q(x) = x**2 - 2*x - 6. Calculate q(5).
9
Let x(o) = -3*o - 51. What is x(-19)?
6
Let n(z) = -z**3 - 7*z**2 - 4*z - 8. What is n(-7)?
20
Let v(d) = -d**2 + 7*d - 9. Calculate v(9).
-27
Let d(k) = 2*k**2 + 2*k - 7. Calculate d(-3).
5
Let k(v) = -v**3 + 7*v**2 - 11*v - 2. Determine k(3).
1
Let m(p) = 3*p**3 + 34*p**2 + 9*p - 16. What is m(-11)?
6
Let y(i) = -5*i**2 - 2*i - 3. Calculate y(-3).
-42
Let u(k) = 3*k**3 + 4*k**2 + 2*k - 3. What is u(-2)?
-15
Let j(r) = 2*r**2 - 60*r - 52. Give j(31).
10
Let g(r) = 12*r + 61. Give g(-5).
1
Let h(f) = -f**3 + f + 56. Give h(0).
56
Let x(t) = -3*t**3 - t**2 - t - 1. Determine x(-1).
2
Let x(j) = -4*j**2 + 8*j + 3. Calculate x(3).
-9
Let n(w) = -4*w**2 - 28*w + 4. Determine n(-7).
4
Let d(f) = -f**2 + 3*f + 12. Give d(-5).
-28
Let u(g) = g**3 + 8*g**2 - g + 7. What is u(-8)?
15
Let j(g) = g**3 - 10*g**2 + 7*g + 4. What is j(8)?
-68
Let y(p) = -p - 8. What is y(-13)?
5
Let g(n) = n**2 + 13*n - 8. Give g(-12).
-20
Let m(x) = x**3 + x**2 - 2*x - 3. Determine m(-2).
-3
Let y(x) = -x**3 - 6*x**2 + 5*x - 9. Determine y(-7).
5
Let l(n) = -n**2 - 28*n - 8. Determine l(-29).
-37
Let o(s) = -37*s**2 - 1. Calculate o(-1).
-38
Let j(u) = -20*u - 51. Calculate j(-5).
49
Let a(d) = 4*d**2 + 85*d + 38. Determine a(-21).
17
Let k(t) = -2*t + 24. Calculate k(10).
4
Let q(u) = -u**3 + 15*u**2 - 17*u + 16. Give q(14).
-26
Let d(o) = o**3 - 2*o**2 - 4*o - 1. Determine d(4).
15
Let n(c) = -c**2 - 18*c + 60. Determine n(3).
-3
Let h(r) = -2*r**2 + 21*r + 17. Calculate h(11).
6
Let t(d) = -d**3 + 4*d**2 + 11. Give t(5).
-14
Let a(x) = -4*x - 2. Determine a(-2).
6
Let t(b) = b**2 - 26*b + 75. Give t(19).
-58
Let w(k) = k**3 - 2*k**2 - 4*k - 2. Calculate w(4).
14
Let f(p) = p**2 - 7*p + 4. Calculate f(6).
-2
Let c(b) = b**2 - 2*b - 11. What is c(-8)?
69
Let m(x) = x**2 + 24*x + 35. Calculate m(-23).
12
Let l(w) = w**2 - w - 2. Calculate l(4).
10
Let b(v) = v**2 + 9*v - 23. Calculate b(-12).
13
Let c(f) = -f**2 + f - 10. Give c(10).
-100
Let k(t) = -18*t + 59. What is k(3)?
5
Let j(l) = 3*l**2 + 2*l + 4. What is j(0)?
4
Let q(s) = 6*s - 23. Determine q(3).
-5
Let k(y) = -10*y + 221. Determine k(22).
1
Let o(r) = -r**3 - 5*r**2 - 3*r - 27. Give o(-5).
-12
Let j(k) = k**3 - 6*k**2 + 4*k - 7. What is j(6)?
17
Let s(a) = a**3 - 5*a**2 + 7*a + 1. What is s(5)?
36
Let z(g) = g + 4. Determine z(2).
6
Let r(o) = -2*o**2 + 13*o - 10. Calculate r(6).
-4
Let u(q) = q**3 + 5*q**2 - 15*q + 2. What is u(-7)?
9
Let r(h) = -h**3 - 15*h**2 + 36*h + 19. Give r(-17).
-15
Let v(b) = -b**2 - 7*b - 25. What is v(-13)?
-103
Let u(n) = n**3 + 4*n**2 - 5*n - 2. Calculate u(-5).
-2
Let o(q) = -q + 10. Calculate o(9).
1
Let c(f) = 2*f**3 + 32*f**2 - 3. What is c(-16)?
-3
Let i(u) = 23*u + 10. Calculate i(0).
10
Let k(a) = a**3 + 13*a**2 - 12*a - 14. Give k(-14).
-42
Let v(o) = -o**3 + 9*o**2 - 11*o + 6. Calculate v(8).
-18
Let j(h) = h**2 + 5*h - 11. Determine j(-8).
13
Let h(c) = -c**2 + c + 7. What is h(-3)?
-5
Let m(u) = -u**3 - u**2 - 25. Give m(0).
-25
Let f(u) = u**2 + 16*u - 27. Give f(-18).
9
Let j(v) = v**2 - 6*v - 1. Determine j(3).
-10
Let i(j) = -6*j - 4. What is i(6)?
-40
Let b(v) = v**2 + 44*v + 6. Give b(-43).
-37
Let c(a) = 11*a + 35. Give c(-10).
-75
Let a(d) = d**2 - 7*d - 10. Give a(8).
-2
Let n(p) = -p**3 + 7*p**2 + 7*p + 12. What is n(8)?
4
Let m(w) = -14*w - 26. Give m(-6).
58
Let h(t) = -t**2 + t + 37. Calculate h(7).
-5
Let f(j) = j**2 - j - 33. Determine f(8).
23
Let x(w) = -3*w - 65. Calculate x(-29).
22
Let v(b) = -5*b - 113. Determine v(-22).
-3
Let s(z) = z**3 - z**2 - z + 2. What is s(0)?
2
Let g(u) = 8*u**2 - 19*u - 13. Calculate g(3).
2
Let z(t) = 3*t**2 - 22*t + 23. What is z(8)?
39
Let o(t) = t**3 + 25*t**2 + t + 23. Determine o(-25).
-2
Let j(c) = -c**2 + 6*c + 7. Calculate j(6).
7
Let o(j) = -j**2 + 6*j - 15. Calculate o(6).
-15
Let f(a) = -a**2 - a - 8. Determine f(0).
-8
Let h(i) = 3*i - 34. Determine h(-15).
-79
Let b(a) = 5*a + 13. Calculate b(-9).
-32
Let c(f) = -15*f + 9. Calculate c(1).
-6
Let z(p) = p**2 + 5*p + 6. Calculate z(-9).
42
Let q(r) = -3*r - 4. Give q(9).
-31
Let j(n) = 2*n**2 + 11*n - 11. Give j(-9).
52
Let b(o) = -129*o - 2. Calculate b(2).
-260
Let s(m) = m**3 + 7*m**2 - 3*m + 11. Calculate s(-8).
-29
Let t(k) = k**3 - 13*k**2 + 13*k + 6. Determine t(12).
18
Let y(b) = -